)/28 + (0 - 7). What is g(j)?
46
Let b(p) = -p - 18. Let i = -282 - -284. Suppose o - 4*w + 19 = 0, -i*w = 3*w. Calculate b(o).
1
Let m(u) = 1152*u + 340 - 1151*u - 340. Suppose -2*g - 12 = 2*g. Calculate m(g).
-3
Suppose 2*y = -2*y + f + 25, 2*y + 4*f = -10. Let a(w) = 2*w**3 - w**2 + w - 2. Let x(n) = -5*n**3 + 6*n**2 + 5*n + 1. Let b(s) = 2*a(s) + x(s). What is b(y)?
7
Let b(h) = -9 - 2311*h + 4623*h - 2313*h. Suppose 1 = -k - 3*k - c, -2*k = -4*c - 22. Let x be (-5 + -1)*1/k. What is b(x)?
-3
Let u(p) = -7*p + 1. Suppose 3*j - 366 + 363 = 0. Let f(t) = -23*t + 2. Let x(o) = j*f(o) - 3*u(o). Determine x(-9).
17
Let d(i) = -i**3 - i**2 + 1. Suppose -230 = -7*w - 83. Suppose -5*r + 16*g = w*g - 10, 2*g = -5*r - 2. Give d(r).
5
Let t(d) = 7*d**3 + d**2 + d. Suppose -3*n + 5*u = 10, -2*n = 3*u - 4 - 2. Suppose 14 = -5*o + o - 2*l, -2*o - 3*l - 17 = n. Determine t(o).
-7
Let l(m) = -13*m + 134. Let p be l(8). Let g(q) = -q**2 + 31*q - 34. Let k be g(p). Let o(y) = y**3 + 5*y**2 - 4*y - 2. What is o(k)?
30
Let w(s) = s + 44. Let v(j) = -2*j - 93. Let o(t) = 6*v(t) + 13*w(t). What is o(0)?
14
Let r(n) = -54*n**3 - n**2 + 6*n + 10. Let h(q) = q**3 - q - 2. Let p(m) = -4*h(m) - r(m). Determine p(-1).
-49
Let g(x) = 10*x + 4 + 33*x**2 + 3 - 14*x**2 - 2 - 18*x**2. Let v(l) = -l**2 + l - 2. Let j be v(-2). Give g(j).
-11
Let l(z) = 5*z + z**2 - z + z**2 - 4*z**2 - 2. Let g be (-3)/6*((-13)/26)/(4/48). Determine l(g).
-8
Let p(o) = 5*o - 2. Let i(s) = -5*s + 1. Let v(q) = 2*i(q) + 3*p(q). Let x = 128968 - 128959. Calculate v(x).
41
Let d(u) = -25*u - 17. Let t(h) = 10*h + 3. Let y(p) = d(p) + t(p). Give y(-1).
1
Let b(c) = 38*c**2 + 86*c + 54. Let t(h) = -7*h**2 - 17*h - 11. Let a = 724 - 726. Let q(m) = a*b(m) - 11*t(m). What is q(-11)?
-31
Let g(j) = 12*j**2 + 28*j**3 + 51*j**3 - 163*j**3 - 16*j + 14 + 41*j**3 + 42*j**3. Give g(11).
-41
Let y(g) be the third derivative of g**7/840 + 2*g**6/45 + g**5/120 + 3*g**4/4 + 29*g**3/2 - 20*g**2. Let b(o) be the first derivative of y(o). What is b(-16)?
2
Let m(a) = -6*a**2 - 3*a - 3. Let x(f) = -3*f**2 - 2*f - 2. Let v(l) = 3*m(l) - 5*x(l). Let n = 1803 + -1804. Give v(n).
-3
Let m(c) be the second derivative of -9*c - 3 + 3/2*c**2 - 1/12*c**4 + 4/3*c**3. Determine m(8).
3
Let a(u) = -59*u**2 + 103*u + 480. Let v(j) = -7*j**2 + 13*j + 60. Let w(f) = 2*a(f) - 17*v(f). Give w(-3).
-6
Let a(y) = -2*y**3 - 100*y**2 - 1151*y. Let z be a(-18). Let j(v) = -v**3 - 19*v**2 - 15*v + 7. What is j(z)?
-47
Let j(i) = i - 1. Let y(z) = -20*z + 38. Let x(d) = 7*d - 13. Let w(b) = 17*x(b) + 6*y(b). Let t be w(15). Let l = t + 9. Determine j(l).
0
Let v(i) = -8*i**2 + 2*i + 2. Suppose 5*m = -4*b - 1, -5*m + 2 + 5 = 2*b. Give v(m).
-64
Let i(v) = -3*v**2 + 2*v + 3. Suppose -2*y + 118*w - 120*w = 4, -2*w - 8 = 4*y. Determine i(y).
-13
Let n(d) = -42*d - 248. Let o(u) = -205*u - 1238. Let v(s) = 29*n(s) - 6*o(s). What is v(-19)?
8
Let b be ((-42)/(-35))/((-6)/(-10)). Let u(f) = -41*f - 3. Determine u(b).
-85
Suppose 2*b + 3*b - 2*w = 55, 0 = -3*b + 5*w + 52. Suppose -2*h + 119 = -b*h. Let a = h - -11. Let r(n) = n**2 + 7*n - 1. Calculate r(a).
-7
Let a(h) = 8*h**2 + 48*h + 207. Let f(z) = 3*z**2 + 20*z + 69. Let d(s) = 4*a(s) - 11*f(s). What is d(-30)?
9
Let s(m) = -2*m - 1. Let k(r) = -7*r + 19. Let n be k(2). Suppose 5*i - f = 6*i + n, 0 = -3*i + 4*f + 6. Calculate s(i).
3
Let g(t) = t**2 - t + 1. Let x be g(3). Let k(y) = -21*y + 18. Let f(z) = 17*z - 14. Let p(w) = -5*f(w) - 4*k(w). Calculate p(x).
-9
Let b(o) = -2680*o - 7*o**2 + 10723*o + 2 + o**3 - 2684*o + 1 - 2680*o - 2673*o. Suppose 2*p = 5*p - 18. Determine b(p).
3
Let p(h) = -2*h**3 - h**2 + h + 2. Suppose 228*n - 224*n = 4. Suppose -n = 3*i - 2*i. Let v be 70/(-21)*((-8)/5 - i). Calculate p(v).
-16
Let b(k) = 6*k + 4. Suppose -5*u + 3*s = -126, -4*s - 3 = -5*s. Suppose 83 = -5*z - u. Let p = z - -18. Calculate b(p).
-20
Let j be 36/30*(37/(-2) + 1). Let k(p) = -8*p - 21. Let s(x) = -x - 3. Let a(t) = j*s(t) + 3*k(t). Determine a(-1).
3
Let m(a) = 2*a**2 - 2*a - 4. Suppose -4*z + 2*q = 0, -3*z + q = 14 - 12. Determine m(z).
8
Suppose -45*l = 52 + 128. Let o(v) = -v**3 - 2*v**2 + 5*v + 1. Determine o(l).
13
Let x(h) = -h**2 + 4*h - 3. Let q be (5 - 2) + 0/2. Suppose -t + 3*u - 7 = 0, -2*t = -5*u + q*u + 2. Let d be x(t). Let a(p) = -4*p + 1. Calculate a(d).
-3
Let k(f) = -f**3 + 30*f**2 - 125*f + 30. Let h be (2/7)/((-602)/(-52675)). Determine k(h).
30
Let d(b) = -37*b + 31 - 6*b - 96 + 485 + 347. What is d(18)?
-7
Let i(q) = -4*q + 32. Let t(m) = -3*m + 32. Let p(a) = 4*i(a) - 6*t(a). Calculate p(25).
-14
Let s = 1426 - 1428. Let b(p) be the second derivative of -p**6/180 - p**5/40 - p**4/8 + 7*p**3/6 + 3*p. Let d(l) be the second derivative of b(l). Give d(s).
-5
Let f = -49 - -69. Suppose -56*y = -61*y + f. Let x(i) = i**3 - 5*i**2 + 4*i - 1. Give x(y).
-1
Let g(b) = 0 + b**2 - 2 + 4 - 2*b + 117*b**3 - 45*b**3 - 60*b**3. Determine g(2).
98
Let g(i) = 111*i - 33. Let w(j) = -83*j + 29. Let t(o) = -3*g(o) - 4*w(o). Calculate t(-5).
-12
Suppose -2*x + 7 = u - 2*u, 0 = -4*u + 4. Suppose x*f - f = 18. Let y(k) = 3012 - 16*k - 1502 - 1503 + 12*k. Calculate y(f).
-17
Let v(j) = -j**2 + 5*j + 13. Suppose 13 = 4*w - 8*w - 5*f, -5*w + 10 = f. Suppose -4*r + 4*q + 8 = -20, -5*r + w*q + 35 = 0. Give v(r).
-1
Let s(b) be the second derivative of -b**4/12 + 2*b**3 - 3*b**2 - 251*b. Calculate s(11).
5
Let i = -2 + 9. Let l(g) = 3 + 13444504*g**3 - 7*g**2 + 13444505*g**3 - 26889008*g**3 - 3*g. Calculate l(i).
-18
Let v(g) = -83*g - 422. Let i be v(-5). Let x(w) = -13 - w + 9 - 6 - 9. What is x(i)?
-12
Suppose 20 - 5 = 3*j. Suppose j*g + 4*z - 35 = 0, -g + 21 = 2*g - z. Let x(l) = -8*l**3 - 1 + 7*l - g*l + l**2. Calculate x(-1).
8
Suppose 6*g - 11*g = 475. Let u = 97 + g. Let w(p) = 21*p + p**u - 23*p + 0*p**2. Calculate w(-2).
8
Let m(c) = 168*c - 4. Suppose 0 = 3*y + 736*x - 737*x, 4*x = -12. What is m(y)?
-172
Let t be ((-40)/28)/((-1170)/(-13104)). Let s(w) = -w**3 - 17*w**2 - 22*w - 46. Determine s(t).
50
Suppose -116*s - 250 = -166*s. Let a(u) = -u + u**2 + u - 2*u. Give a(s).
15
Let y(o) = -141 + 116 - o**3 + 29*o + 14*o**2 + 61. Determine y(16).
-12
Suppose 0 = -11*s + 33 + 33. Let h be -12*1*(6 + (-39)/s). Let g(p) = -2*p - 3. Give g(h).
-15
Let q(z) = z**2 - 24*z + 56. Let o be q(22). Let k(u) = u**3 - 12*u**2 + 3*u - 28. What is k(o)?
8
Suppose -6*z + 9 - 63 = 0. Let c(j) = -j - 8. Let g be c(z). Let p(m) = 5*m + 1. Let r(x) = 15*x + 3. Let f(t) = 8*p(t) - 3*r(t). Determine f(g).
-6
Let r = -12 + 15. Let o(k) = 5*k**3 - 2*k**2 - 2*k + 2. Let c(b) = 4*b**3 + 2*b**2 - b - 1. Let j(f) = c(f) - o(f). Determine j(r).
9
Let g be 0/1 + 36/(-12) + -15. Let k(x) = -x**2 - 18*x - 5. Let b be k(g). Let c(f) = -f**2 - 6*f + 5. Give c(b).
10
Let w(a) = 69 - 37*a + 14 + 26*a + 15*a. Give w(-34).
-53
Let t(y) = -153*y - 208. Let a(m) = -40*m - 1. Let u(p) = 4*a(p) - t(p). Determine u(30).
-6
Let n(x) be the second derivative of 5*x**3/3 - 18*x**2 - 7*x + 33. Give n(6).
24
Let r(c) = -c**3 + 3*c**2 + 5*c + 16. Suppose -54 = -32*g + 15*g + 31. Give r(g).
-9
Let b(i) = 531*i - 1056*i + 538*i - 34 - i**2 + 5. What is b(8)?
11
Let q be 21 + 7975/(-377) - (-654)/26. Let o(w) = w - 28. What is o(q)?
-3
Suppose -c + 2*x + 1 = -3, 4*c + 5*x + 49 = 0. Let r(d) = 1549*d + 1532*d - 1 - 3083*d. What is r(c)?
11
Let x(h) = 4*h**3 + 177744*h**2 - 1 + 8*h**3 - 177743*h**2. Let n(v) = -v**2 + 8*v - 6. Let c be n(6). Let t be (-4)/c - 3/9. What is x(t)?
-12
Let y(k) be the third derivative of k**6/120 - k**5/10 - 3*k**4/8 + 3*k**3/2 + 12*k**2. Let s(x) = -11*x - 81. Let n be s(-8). Give y(n).
-5
Suppose -2*d + 2 = -d. Let k = d + 13. Suppose 0*q - j - 9 = q, 0 = 2*q + j + k. Let h(z) = z + 4. Determine h(q).
-2
Let p(c) = c**2 + 31*c + 113. Suppose 2058*l - 2037*l + 84 = 0. Calculate p(l).
5
Let r(p) = -73*p**3 + 2*p**2 - 1. Suppose -2*z - 6*s - 10 = -4*s, 3*z + 3 = -s. Give r(z).
-72
Let d(f) = 5*f**2 + 83*f + 173. Let z(h) = -3*h**2 - 50*h - 104. Let r(t) = 7*d(t) + 12*z(t). Determine r(-17).
-3
Let p(u) = -2*u**2 - 24*u + 3. Let q = 6621 - 6633. What is p(q)?
3
Let m(s) = -s**2 - 7*s + 4. Let w(o) = -o**2 + 4*o + 2. Let b be w(4). Let y(p) = -3 + 5 - 8*p + 1 - b. Let d be y(1). What is m(d)?
4
Le